{"id":10122,"date":"2023-08-24T16:06:52","date_gmt":"2023-08-24T15:06:52","guid":{"rendered":"https:\/\/baralivres.ma\/?post_type=product&#038;p=10122"},"modified":"2024-11-18T16:45:37","modified_gmt":"2024-11-18T15:45:37","slug":"dis-pourquoi-star-wars-plus-de-150-questions","status":"publish","type":"product","link":"https:\/\/baralivres.ma\/?product=dis-pourquoi-star-wars-plus-de-150-questions","title":{"rendered":"Dis pourquoi ? &#8211; Star Wars: Plus de 150 questions"},"content":{"rendered":"<p>Tu es fan de la saga Star Wars ? Alors ce livre est fait pour toi !<br \/>\nGr\u00e2ce aux 150 questions de ce titre, tu vas pouvoir tester tes connaissances sur cet univers (de l&rsquo;\u00e9pisode 1 \u00e0 l&rsquo;\u00e9pisode 7) :<\/p>\n<p>Qui est le cr\u00e9ateur de la saga Star Wars ?<br \/>\nQui est le p\u00e8re de Luke Skywalker ?<br \/>\nQui est Watto ?<br \/>\nPourquoi Finn a-t-il quitt\u00e9 le Premier Ordre ?<\/p>\n","protected":false},"excerpt":{"rendered":"<p>Tu es fan de la saga Star Wars ? Alors ce livre est fait pour toi ! Gr\u00e2ce aux 150 questions de ce titre, tu vas pouvoir tester tes connaissances sur cet univers (de l&rsquo;\u00e9pisode 1 \u00e0 l&rsquo;\u00e9pisode 7) : Qui est le cr\u00e9ateur de la saga Star Wars ? Qui est le p\u00e8re de [&hellip;]<\/p>\n","protected":false},"featured_media":10125,"comment_status":"open","ping_status":"closed","template":"","meta":{"inline_featured_image":false},"product_cat":[3875,201,200],"product_tag":[],"class_list":{"0":"post-10122","1":"product","2":"type-product","3":"status-publish","4":"has-post-thumbnail","6":"product_cat-coffret-francais","7":"product_cat-coffret","8":"product_cat-activites","10":"first","11":"instock","12":"shipping-taxable","13":"purchasable","14":"product-type-simple"},"_links":{"self":[{"href":"https:\/\/baralivres.ma\/index.php?rest_route=\/wp\/v2\/product\/10122","targetHints":{"allow":["GET"]}}],"collection":[{"href":"https:\/\/baralivres.ma\/index.php?rest_route=\/wp\/v2\/product"}],"about":[{"href":"https:\/\/baralivres.ma\/index.php?rest_route=\/wp\/v2\/types\/product"}],"replies":[{"embeddable":true,"href":"https:\/\/baralivres.ma\/index.php?rest_route=%2Fwp%2Fv2%2Fcomments&post=10122"}],"version-history":[{"count":1,"href":"https:\/\/baralivres.ma\/index.php?rest_route=\/wp\/v2\/product\/10122\/revisions"}],"predecessor-version":[{"id":10127,"href":"https:\/\/baralivres.ma\/index.php?rest_route=\/wp\/v2\/product\/10122\/revisions\/10127"}],"wp:featuredmedia":[{"embeddable":true,"href":"https:\/\/baralivres.ma\/index.php?rest_route=\/wp\/v2\/media\/10125"}],"wp:attachment":[{"href":"https:\/\/baralivres.ma\/index.php?rest_route=%2Fwp%2Fv2%2Fmedia&parent=10122"}],"wp:term":[{"taxonomy":"product_cat","embeddable":true,"href":"https:\/\/baralivres.ma\/index.php?rest_route=%2Fwp%2Fv2%2Fproduct_cat&post=10122"},{"taxonomy":"product_tag","embeddable":true,"href":"https:\/\/baralivres.ma\/index.php?rest_route=%2Fwp%2Fv2%2Fproduct_tag&post=10122"}],"curies":[{"name":"wp","href":"https:\/\/api.w.org\/{rel}","templated":true}]}}