{"id":10098,"date":"2023-08-24T15:37:51","date_gmt":"2023-08-24T14:37:51","guid":{"rendered":"https:\/\/baralivres.ma\/?post_type=product&#038;p=10098"},"modified":"2024-11-18T16:50:11","modified_gmt":"2024-11-18T15:50:11","slug":"japprends-a-etre-gentil","status":"publish","type":"product","link":"https:\/\/baralivres.ma\/?product=japprends-a-etre-gentil","title":{"rendered":"J&rsquo;apprends \u00e0 \u00eatre gentil"},"content":{"rendered":"<p>Des ouvrages documentaires interactifs avec des flaps qui d\u00e9veloppent l&rsquo;\u00e9coute et le respect des autres et permettent aux petits de comprendre dans quelles situations ils ont fait preuve de gentillesse. Un livre qui accompagne les tout-petits dans leur exploration du monde et d\u00e9veloppe leur curiosit\u00e9, et l&rsquo;acquisition du vocabulaire.<\/p>\n","protected":false},"excerpt":{"rendered":"<p>Des ouvrages documentaires interactifs avec des flaps qui d\u00e9veloppent l&rsquo;\u00e9coute et le respect des autres et permettent aux petits de comprendre dans quelles situations ils ont fait preuve de gentillesse. Un livre qui accompagne les tout-petits dans leur exploration du monde et d\u00e9veloppe leur curiosit\u00e9, et l&rsquo;acquisition du vocabulaire.<\/p>\n","protected":false},"featured_media":10099,"comment_status":"open","ping_status":"closed","template":"","meta":{"inline_featured_image":false},"product_cat":[3952,3950,198],"product_tag":[],"class_list":{"0":"post-10098","1":"product","2":"type-product","3":"status-publish","4":"has-post-thumbnail","6":"product_cat-les-livres-a-toucher-pour-bebe","7":"product_cat-les-livres-cartonnes-francais","8":"product_cat-livres-animes","10":"first","11":"instock","12":"shipping-taxable","13":"purchasable","14":"product-type-simple"},"_links":{"self":[{"href":"https:\/\/baralivres.ma\/index.php?rest_route=\/wp\/v2\/product\/10098","targetHints":{"allow":["GET"]}}],"collection":[{"href":"https:\/\/baralivres.ma\/index.php?rest_route=\/wp\/v2\/product"}],"about":[{"href":"https:\/\/baralivres.ma\/index.php?rest_route=\/wp\/v2\/types\/product"}],"replies":[{"embeddable":true,"href":"https:\/\/baralivres.ma\/index.php?rest_route=%2Fwp%2Fv2%2Fcomments&post=10098"}],"version-history":[{"count":1,"href":"https:\/\/baralivres.ma\/index.php?rest_route=\/wp\/v2\/product\/10098\/revisions"}],"predecessor-version":[{"id":10100,"href":"https:\/\/baralivres.ma\/index.php?rest_route=\/wp\/v2\/product\/10098\/revisions\/10100"}],"wp:featuredmedia":[{"embeddable":true,"href":"https:\/\/baralivres.ma\/index.php?rest_route=\/wp\/v2\/media\/10099"}],"wp:attachment":[{"href":"https:\/\/baralivres.ma\/index.php?rest_route=%2Fwp%2Fv2%2Fmedia&parent=10098"}],"wp:term":[{"taxonomy":"product_cat","embeddable":true,"href":"https:\/\/baralivres.ma\/index.php?rest_route=%2Fwp%2Fv2%2Fproduct_cat&post=10098"},{"taxonomy":"product_tag","embeddable":true,"href":"https:\/\/baralivres.ma\/index.php?rest_route=%2Fwp%2Fv2%2Fproduct_tag&post=10098"}],"curies":[{"name":"wp","href":"https:\/\/api.w.org\/{rel}","templated":true}]}}